der when 1427757 is divided by 157?
156
What is the remainder when 1916 is divided by 79?
20
Calculate the remainder when 1564 is divided by 482.
118
What is the remainder when 27186 is divided by 5?
1
Calculate the remainder when 4474 is divided by 885.
49
Calculate the remainder when 28637 is divided by 308.
301
Calculate the remainder when 842192 is divided by 56.
8
What is the remainder when 9757 is divided by 1949?
12
What is the remainder when 1261278 is divided by 32?
30
Calculate the remainder when 391 is divided by 77.
6
Calculate the remainder when 43593 is divided by 589.
7
What is the remainder when 673 is divided by 196?
85
What is the remainder when 763700 is divided by 72?
68
Calculate the remainder when 225889 is divided by 75273.
70
What is the remainder when 2441 is divided by 174?
5
Calculate the remainder when 1735688 is divided by 299.
292
Calculate the remainder when 10283 is divided by 698.
511
What is the remainder when 2235 is divided by 252?
219
Calculate the remainder when 1252355 is divided by 28.
27
What is the remainder when 2294 is divided by 709?
167
What is the remainder when 42964 is divided by 42?
40
Calculate the remainder when 981 is divided by 450.
81
What is the remainder when 9272 is divided by 787?
615
What is the remainder when 737098 is divided by 65?
63
Calculate the remainder when 56554 is divided by 643.
613
Calculate the remainder when 2237 is divided by 112.
109
Calculate the remainder when 31195 is divided by 10396.
7
What is the remainder when 17437 is divided by 107?
103
Calculate the remainder when 34352 is divided by 33.
32
What is the remainder when 333244 is divided by 83?
82
Calculate the remainder when 40200 is divided by 3.
0
Calculate the remainder when 80358 is divided by 1101.
1086
What is the remainder when 8235 is divided by 85?
75
What is the remainder when 91445 is divided by 169?
16
Calculate the remainder when 653 is divided by 623.
30
What is the remainder when 427936 is divided by 9?
4
Calculate the remainder when 42403 is divided by 182.
179
What is the remainder when 6070 is divided by 1008?
22
What is the remainder when 7175 is divided by 419?
52
Calculate the remainder when 976716 is divided by 17.
15
What is the remainder when 15094 is divided by 604?
598
Calculate the remainder when 44989 is divided by 18.
7
Calculate the remainder when 366318 is divided by 6005.
13
Calculate the remainder when 3445 is divided by 669.
100
What is the remainder when 52523 is divided by 155?
133
Calculate the remainder when 72581 is divided by 24193.
2
Calculate the remainder when 10863 is divided by 387.
27
Calculate the remainder when 2100 is divided by 58.
12
Calculate the remainder when 361276 is divided by 15053.
4
What is the remainder when 21560 is divided by 154?
0
Calculate the remainder when 42750 is divided by 299.
292
What is the remainder when 92328 is divided by 351?
15
What is the remainder when 8643 is divided by 1423?
105
Calculate the remainder when 4388 is divided by 1419.
131
What is the remainder when 20577 is divided by 20542?
35
What is the remainder when 10964 is divided by 32?
20
Calculate the remainder when 2716941 is divided by 48.
45
What is the remainder when 9126 is divided by 353?
301
What is the remainder when 134200 is divided by 20?
0
Calculate the remainder when 282 is divided by 165.
117
Calculate the remainder when 11012 is divided by 5.
2
Calculate the remainder when 56409 is divided by 829.
37
What is the remainder when 2254 is divided by 746?
16
Calculate the remainder when 8590 is divided by 390.
10
What is the remainder when 15103 is divided by 3528?
991
What is the remainder when 51666 is divided by 51658?
8
What is the remainder when 21807 is divided by 190?
147
What is the remainder when 55627 is divided by 366?
361
What is the remainder when 227181 is divided by 8?
5
What is the remainder when 1548 is divided by 89?
35
Calculate the remainder when 10522 is divided by 5250.
22
What is the remainder when 51839 is divided by 10361?
34
What is the remainder when 22182 is divided by 7379?
45
Calculate the remainder when 89047 is divided by 25.
22
What is the remainder when 78 is divided by 6?
0
Calculate the remainder when 280012 is divided by 70003.
0
What is the remainder when 561 is divided by 77?
22
What is the remainder when 276474 is divided by 48?
42
What is the remainder when 5203 is divided by 56?
51
Calculate the remainder when 3459 is divided by 3425.
34
What is the remainder when 9050 is divided by 2229?
134
Calculate the remainder when 1534 is divided by 1070.
464
What is the remainder when 8523 is divided by 60?
3
What is the remainder when 26640 is divided by 5327?
5
Calculate the remainder when 303612 is divided by 59.
57
What is the remainder when 4877 is divided by 66?
59
What is the remainder when 1495 is divided by 187?
186
What is the remainder when 47604 is divided by 44?
40
Calculate the remainder when 286798 is divided by 202.
160
Calculate the remainder when 145414 is divided by 166.
164
What is the remainder when 11676 is divided by 1944?
12
Calculate the remainder when 114257 is divided by 57124.
9
What is the remainder when 138472 is divided by 42?
40
Calculate the remainder when 22209 is divided by 7264.
417
Calculate the remainder when 623 is divided by 258.
107
Calculate the remainder when 8510 is divided by 1211.
33
What is the remainder when 24751 is divided by 13?
12
What is the remainder when 4865 is divided by 39?
29
What is the remainder when 404081 is divided by 1069?
1068
Calculate the remainder when 12630 is divided by 969.
33
Calculate the remainder when 10641 is divided by 1522.
1509
What is the remainder when 95464 is divided by 234?
226
Calculate the remainder when 1776 is divided by 248.
40
Calculate the remainder when 13674 is divided by 141.
138
Calculate the remainder when 8542 is divided by 142.
22
Calculate the remainder when 16822 is divided by 4.
2
What is the remainder when 673803 is divided by 42?
39
What is the remainder when 3386 is divided by 774?
290
What is the remainder when 29075 is divided by 94?
29
Calculate the remainder when 51772 is divided by 475.
472
Calculate the remainder when 2459 is divided by 940.
579
Calculate the remainder when 310404 is divided by 260.
224
What is the remainder when 52986 is divided by 20?
6
Calculate the remainder when 7378 is divided by 1049.
35
Calculate the remainder when 14300 is divided by 26.
0
Calculate the remainder when 630080 is divided by 78.
74
Calculate the remainder when 7798 is divided by 2552.
142
Calculate the remainder when 72256 is divided by 333.
328
What is the remainder when 53620 is divided by 53399?
221
Calculate the remainder when 6725 is divided by 3315.
95
Calculate the remainder when 374013 is divided by 56.
45
Calculate the remainder when 6415 is divided by 491.
32
Calculate the remainder when 22564 is divided by 3222.
10
Calculate the remainder when 8234 is divided by 15.
14
Calculate the remainder when 293 is divided by 291.
2
What is the remainder when 1208 is divided by 56?
32
Calculate the remainder when 2186 is divided by 2167.
19
What is the remainder when 259406 is divided by 32?
14
Calculate the remainder when 97644 is divided by 1525.
44
Calculate the remainder when 1537 is divided by 1504.
33
What is the remainder when 488 is divided by 165?
158
Calculate the remainder when 283730 is divided by 797.
795
What is the remainder when 597 is divided by 436?
161
What is the remainder when 88364 is divided by 29454?
2
Calculate the remainder when 382948 is divided by 633.
616
What is the remainder when 361457 is divided by 72?
17
Calculate the remainder when 69846 is divided by 147.
21
What is the remainder when 16069 is divided by 5324?
97
What is the remainder when 22391 is divided by 49?
47
Calculate the remainder when 6989 is divided by 19.
16
What is the remainder when 843260 is divided by 421623?
14
Calculate the remainder when 2278 is divided by 74.
58
Calculate the remainder when 9055 is divided by 431.
4
Calculate the remainder when 675 is divided by 12.
3
Calculate the remainder when 94994 is divided by 22.
20
Calculate the remainder when 82909 is divided by 32.
29
What is the remainder when 638435 is divided